isor of v and b.
22
Let k = -341 + 366. Let z be (66/(-110))/(-1*1/k). Calculate the highest common divisor of z and 150.
15
Suppose -1649 = -3*v - 4*d, -v + 2*d - 1100 = -3*v. Let b be 6 + -2 + v - 1*-5. Calculate the highest common divisor of b and 70.
70
Suppose 2*q - 6 = 2*k, 2*q = -2*q - 4*k + 28. Suppose 0*w + 3*n = -2*w + 101, q*w = 2*n + 224. What is the highest common divisor of 69 and w?
23
Suppose 2*z = -s + 697, 13*s - 8*s = -3*z + 3513. Suppose -1437 - s = -7*y. Calculate the greatest common divisor of 18 and y.
18
Let k(s) = -s**2 + 262*s - 1277. Let u be k(5). Calculate the highest common divisor of 82 and u.
2
Let d be 2/(18/63 - 0). Suppose -d*m + 759 = 717. What is the highest common factor of m and 15?
3
Suppose -6*x + 479 = -223. Let d be 377/x - 4/18. Suppose -d*l = -6*l + 36. What is the greatest common divisor of l and 8?
4
Suppose 5*d = 3001 + 1289. Let j = -794 + d. Calculate the greatest common divisor of j and 1600.
64
Let h = -23793 - -24007. Calculate the greatest common divisor of 34882 and h.
214
Let v = 14514 + -14426. Calculate the greatest common factor of v and 5852.
44
Suppose -g + 10 = 4*m, 0 = -6*m + 3*m + 3*g. Suppose -m*q + 4 = -22. Suppose -18*n + 1400 = -q*n. What is the highest common factor of n and 35?
35
Let s(p) = 2*p**2 + 94*p + 2. Let z be s(-53). What is the greatest common divisor of z and 290?
58
Let b be (528/(-714) - (-2)/(-17)) + (-93360)/(-140). What is the greatest common factor of b and 144?
18
Let d be ((-2 - -6) + -2)/((-2)/(-199)). Suppose -11*j - d = -13*j + 5*k, 102 = j - 2*k. What is the highest common factor of 14 and j?
14
Suppose -2*i + 21 = 13, -2*j = -5*i + 14. Suppose 7*o - 4*o + 4*m + j = 0, 2*o - 9 = m. Calculate the greatest common divisor of 5 and o.
1
Let w(x) = 12*x**3 - 3*x + 5. Let a be w(2). Let c be 24/20 - 1870/(-25). What is the highest common divisor of c and a?
19
Let d = 22357 - 22247. What is the greatest common factor of 1628 and d?
22
Let v = 618 + -260. Suppose 5*l + 4*k - v = 0, -12*k = l - 16*k - 62. What is the highest common divisor of l and 126?
14
Let c = -45 + 47. Suppose -x = c*k - 1, k + x = -5 + 4. Let i be 171/6*k/3. Calculate the highest common divisor of i and 152.
19
Suppose 3*g - 1121 = -h - 205, -4*g - 5*h = -1214. Calculate the highest common divisor of g and 204.
102
Let u = -847 + 843. Let l be 70615/58 - 6/u. Calculate the greatest common factor of l and 23.
23
Suppose 2805*x - 3001*x + 18228 = 0. Suppose -4*a - 4*z = -6*a + 66, 4*a + 3*z - 121 = 0. What is the greatest common divisor of x and a?
31
Suppose -51*m - 108*m + 30528 = 0. Calculate the highest common factor of m and 1416.
24
Let t(w) be the first derivative of -w**4/4 + 11*w**3 - 15*w**2 - 58*w - 187. Let l be t(32). Calculate the greatest common divisor of 6 and l.
6
Let p be -8*1 + -1*11/(-1). Calculate the greatest common divisor of p and 105.
3
Let j(p) = 9*p + 50. Let x be j(4). Suppose -2*v + 4*f = -x - 26, -2*f = -3*v + 180. What is the greatest common factor of 434 and v?
62
Let p = 972 - 942. Let b be (4 - 6884/(-36)) + (-2)/9. Calculate the greatest common factor of p and b.
15
Let w = 9314 + -9244. What is the greatest common factor of w and 2534?
14
Let r(h) = -103*h**2 + 23*h + 84. Let x be r(-4). Let m be (-1)/(8/x) + -5 + 3. Calculate the greatest common divisor of 41 and m.
41
Suppose -5*k + 14*k = 10*k - 2507. What is the greatest common divisor of 23 and k?
23
Let f be (-28)/(-15) + (-28)/(-210). Suppose 0 = -4*k + 12, f*q + 0*k - k = 247. Calculate the highest common factor of q and 100.
25
Let t(c) = -c + 6. Let k be t(-14). Suppose -4*b = -3*n - 214, 21*n - k*n + 53 = b. Let s be 5*((-12)/(-5) + 2). What is the highest common factor of b and s?
11
Let h = -38 + 40. Suppose 3*i = h*i - 6. Let a be (30/(-4))/5*756/i. Calculate the highest common divisor of a and 21.
21
Let b(n) = 17*n**2 + 37*n - 94. Let q be b(3). Calculate the highest common factor of q and 80.
10
Let h be (-223 + 220)/(2/(-9) - (-82)/396). Suppose -2*b = -0*b + 36. Let p = 0 - b. Calculate the greatest common divisor of p and h.
18
Let i(o) = -3*o**2 - 18*o - 4. Let l be i(-5). Let a = 535 + -205. What is the greatest common factor of l and a?
11
Let r = 91 - 57. Let d be (-21)/(-7) + -7 + 4. Suppose -2*z - 2*z - 3*k = -411, 3*z - 2*k - 304 = d. Calculate the highest common divisor of z and r.
34
Suppose 9*v = 3*v + 198. Suppose -144 = -35*n + v*n. Calculate the highest common factor of 16 and n.
8
Suppose -10*x = 519 - 539. Let c = 33 + -7. Calculate the greatest common factor of c and x.
2
Suppose 4*v - 875 = 4*l + 3389, -2*l + 2132 = 2*v. Calculate the greatest common divisor of v and 130.
26
Let x(l) = 0*l - 2*l - 13 - 5 - 2. Let v be x(-11). Let z be 9/(-36)*(-8)/v. What is the highest common divisor of 1 and z?
1
Let i(s) = -2*s**3 - 17*s**2 - 68*s - 34. Let o be i(-10). What is the greatest common factor of 66 and o?
22
Let h be 2*-13*(-65)/13. Suppose 5*j + h = 10*j. Let d be 22 + (0 - -1) - -3. Calculate the greatest common divisor of d and j.
26
Let j be 240/50*10 - (8 + -3). Suppose -10*d + 8*d = -2. Calculate the greatest common divisor of j and d.
1
Suppose 2 + 68 = -10*p. Let i be 155 - (-14 - p - -6). What is the highest common factor of i and 24?
12
Let w = -23 + 82. Suppose -278*g + 275*g + 1233 = -h, 7*g - h = 2885. Calculate the greatest common divisor of w and g.
59
Let l = 14249 - 14200. Calculate the greatest common factor of 5 and l.
1
Let o = 8750 + -6185. Calculate the highest common factor of o and 190.
95
Let k(t) = -29*t + 2. Let q be k(-2). Suppose -7*o = -2*o - q. Suppose w = -2*w + 12, -668 = -5*y - 2*w. Calculate the highest common factor of o and y.
12
Let u = 0 + 25. Let h = u + 101. Suppose -7*m = -m - h. Calculate the highest common divisor of 28 and m.
7
Let n(c) be the second derivative of 3*c**4 + c**3/3 + c**2/2 - c + 34. Let p be n(1). Suppose -j + 30 = -9. What is the highest common factor of p and j?
39
Suppose 0 = 4*j - 2*i - 0*i - 526, -128 = -j + 4*i. Let r(v) = v**3 - 7*v**2 - 294*v + 1532. Let m be r(5). Calculate the greatest common divisor of m and j.
12
Let z(c) = 74*c**3 + c**2 - 6*c + 6. Let o be z(1). Let s = 146 + -101. What is the greatest common divisor of o and s?
15
Suppose -2*m + 555 = 4*r + 127, -r = -5. Suppose -202*t - 70 = -m*t. Calculate the highest common factor of t and 10.
5
Suppose 0 = -2*n + 13*n - 4*n - 168091. What is the highest common factor of 11 and n?
11
Let l(i) = 201*i - 523. Let m be l(3). What is the highest common divisor of 1028 and m?
4
Let i(j) = -23*j + 1666. Let k be i(72). Calculate the highest common factor of k and 1990.
10
Let m(o) = -2*o**3 - 30*o**2 + 24*o - 110. Let q be m(-16). Let r = -259 + 484. What is the greatest common factor of q and r?
9
Suppose 0 = -5*x + 2*b + 251 + 335, 4*x - 449 = -5*b. Let q = x + -32. Calculate the highest common divisor of 56 and q.
28
Let j(m) = 94*m**3 + 3*m + 29. Let s be j(4). What is the highest common divisor of 27 and s?
9
Suppose 0 = -36*d + 3068 + 2476. What is the highest common divisor of 1148 and d?
14
Let d be (-1224407)/(-186) - (-10)/(-12). Calculate the highest common divisor of d and 12.
6
Let w(y) = -y**3 + 14*y**2 - 34*y - 48. Let a be w(8). Let d be (-15)/(-10)*64/6. What is the highest common factor of d and a?
16
Suppose 0 = 3*o - 36 + 3. Suppose -2*b - 4*h = 3*b - 91, -5*b = -2*h - 67. Let l be (-2)/(-3) - (-155)/b. Calculate the greatest common divisor of o and l.
11
Suppose -3*m - 4*a + 19 = 0, -m = -4*a - 0 + 15. Suppose i - m + 5 = 0. Let l be (i - (-2 + 1)) + 21. What is the highest common divisor of l and 54?
18
Suppose 0 = -4*y + 28 + 28. Let t(c) = -190*c + 5134. Let v be t(27). Calculate the highest common divisor of y and v.
2
Suppose 2*b = -d - 81, 4*d - b + 2*b + 352 = 0. Let t = 71 + d. Let l be (-4)/t + 0 - (-1568)/72. Calculate the highest common divisor of l and 55.
11
Let v(r) = 73*r - 9. Let u be v(2). Let i = u - 57. Suppose i = 4*c - 4*a, 3*c + 5*a + 0*a = 76. Calculate the highest common divisor of 55 and c.
11
Suppose 22 - 2 = 10*l. Let x(b) = 19*b - 121. Let w be x(9). What is the highest common factor of w and l?
2
Suppose -5*z + 3*k = -1957, -2774 = -5*z - 5*k - 809. What is the highest common divisor of z and